{"id":21,"date":"2015-06-22T12:28:16","date_gmt":"2015-06-22T10:28:16","guid":{"rendered":"http:\/\/m40.corsidistudio.unina.it\/?page_id=21"},"modified":"2024-01-22T11:46:33","modified_gmt":"2024-01-22T10:46:33","slug":"presentazione","status":"publish","type":"page","link":"https:\/\/m40.corsidistudio.unina.it\/?page_id=21","title":{"rendered":"Presentazione"},"content":{"rendered":"<h3><img loading=\"lazy\" decoding=\"async\" class=\" wp-image-206 aligncenter\" src=\"http:\/\/m40.corsidistudio.unina.it\/wp-content\/uploads\/sites\/8\/2015\/06\/dentista-torino-300x108.jpg\" alt=\"dentista-torino\" width=\"464\" height=\"167\" srcset=\"https:\/\/m40.corsidistudio.unina.it\/wp-content\/uploads\/sites\/8\/2015\/06\/dentista-torino-300x108.jpg 300w, https:\/\/m40.corsidistudio.unina.it\/wp-content\/uploads\/sites\/8\/2015\/06\/dentista-torino-624x225.jpg 624w, https:\/\/m40.corsidistudio.unina.it\/wp-content\/uploads\/sites\/8\/2015\/06\/dentista-torino.jpg 642w\" sizes=\"auto, (max-width: 464px) 100vw, 464px\" \/><\/h3>\n<p><!--more--><\/p>\n<p>La\u00a0<a href=\"http:\/\/www.normattiva.it\/uri-res\/N2Ls?urn:nir:stato:legge:2021-11-08;163\"><strong>legge 8 novembre 2021, n. 163<\/strong><\/a>\u00a0ha inteso semplificare e velocizzare l&#8217;accesso alla professione di Odontoiatra. La norma ha disposto che la discussione della tesi di laurea nella sede di accertamento delle competenze tecnico-professionali, abiliti all&#8217;esercizio della professione, consentendo cos\u00ec al neolaureato di esercitare subito la professione stessa, senza dover attendere i tempi del superamento dell&#8217;esame di Stato.<\/p>\n<p>All\u2019interno del corso di studio, \u00e8 previsto un\u00a0<strong>tirocinio pratico-valutativo<\/strong>\u00a0a carattere professionalizzante corrispondente a 30 crediti formativi.<\/p>\n<p>I 30 crediti formativi universitari possono essere acquisiti solo con attivit\u00e0 svolte come primo operatore, sotto il controllo diretto di un docente-tutore, presso strutture universitarie o del Servizio sanitario nazionale. A ogni credito formativo corrispondono 25 ore; di queste, almeno 20 devono essere di attivit\u00e0 formative professionalizzanti come primo operatore, mentre le eventuali restanti 5 ore possono essere dedicate allo studio individuale o ad altre attivit\u00e0 formative professionalizzanti.<\/p>\n<p>I\u00a0<strong>crediti del tirocinio sono acquisiti al sesto anno di corso<\/strong>, con la possibilit\u00e0 di anticiparne il 30% del totale al quinto anno.<\/p>\n<p>La prova pratica valutativa, invece, prevede la discussione da parte dello studente di tre casi clinici, trattati come primo operatore durante il tirocinio<\/p>\n<p>Terminato il tirocinio \u2013 oltre che tutti gli esami \u2013 gli studenti dovranno sostenere\u00a0<strong>l\u2019esame finale che comprende lo svolgimento di una prova pratica valutativa<\/strong>, consistente la discussione di tre casi clinici (trattati come primo operatore) per la quale sono previste delle commissioni giudicatrici ad hoc., che precede la\u00a0<strong>discussione della tesi di laurea\u00a0<\/strong>alla quale si pu\u00f2 accedere solo con un giudizio di idoneit\u00e0 da parte della commissione.<\/p>\n<p>&nbsp;<\/p>\n<p>Il corso di\u00a0Studi Magistrale prevede 360 (trecentosessanta) CFU complessivi articolati su 6 (sei) anni di corso, di cui almeno 90 (novanta) da acquisire in attivit\u00e0 formative cliniche professionalizzanti da svolgersi in modo integrato con le altre attivit\u00e0 formative presso strutture assistenziali universitarie.<\/p>\n<p><!--more--><\/p>\n<h4><\/h4>\n<div class=\"regolamento\">\n<p><strong><em><u>Obiettivi formativi qualificanti della classe<\/u><\/em><\/strong><\/p>\n<p><em>I laureati nei corsi di Studi magistrale in odontoiatria e protesi dentaria svolgono attivit\u00e0 inerenti la prevenzione, la diagnosi e la terapia delle malattie ed anomalie congenite ed acquisite dei denti, della bocca, delle ossa mascellari, delle articolazioni temporo-mandibolari e dei relativi tessuti, nonch\u00e9 la riabilitazione odontoiatrica, prescrivendo tutti i medicamenti ed i pres\u00ecdi necessari all&#8217;esercizio della professione.<\/em><\/p>\n<p><em>I laureati magistrali della classe <strong>LM-46 Odontoiatria e protesi dentaria<\/strong>\u00a0possiedono un livello di autonomia professionale, culturale, decisionale e operativa tale da consentire loro un costante aggiornamento, avendo seguito un percorso formativo caratterizzato da un approccio olistico ai problemi di salute orale della persona sana o malata, anche in relazione all&#8217;ambiente fisico e sociale che lo circonda.<\/em><\/p>\n<p><em>A tali fini il Corso di Studi \u00a0magistrale prevede 360 (trecentosessanta) CFU complessivi articolati su 6 (sei) anni di corso, di cui almeno 90 (novanta) da acquisire in attivit\u00e0 formative cliniche professionalizzanti da svolgersi in modo integrato con le altre attivit\u00e0 formative presso strutture assistenziali universitarie.<\/em><\/p>\n<p><em>L&#8217;attivit\u00e0 formativa professionalizzante \u00e8 obbligatoria e necessaria per il conseguimento della laurea magistrale e viene pianificato dal regolamento didattico nell&#8217;ambito della durata complessiva del corso di studi.<br \/>\nRelativamente alla definizione di curricula preordinati alla esecuzione delle attivit\u00e0 previste dalla direttiva 78\/687\/CEE, i regolamenti didattici di ateneo si conformano alle prescrizioni del presente decreto e dell&#8217;art. 6, comma 3, del D.M. n. 270\/04.<\/em><\/p>\n<p><em>I laureati magistrali della classe dovranno essere dotati:\u00a0<\/em><\/p>\n<p><em>delle conoscenze teoriche essenziali che derivano dalle scienze di base, nella prospettiva della loro successiva applicazione professionale, della capacit\u00e0 di rilevare e valutare criticamente, da un punto di vista clinico, ed in una visione unitaria, estesa anche nella dimensione socio-culturale, i dati relativi allo stato di salute e di malattia dell&#8217;apparato stomatognatico del singolo individuo, interpretandoli alla luce delle conoscenze scientifiche di base, della fisiopatologia e delle patologie dell&#8217;apparato stomatognatico e sistemiche, delle abilit\u00e0 e l&#8217;esperienza, unite alla capacit\u00e0 di autovalutazione, per affrontare e risolvere responsabilmente i problemi sanitari prioritari dal punto di vista preventivo, diagnostico, prognostico, terapeutico e riabilitativo; della conoscenza delle dimensioni etiche e storiche della medicina e dell&#8217;odontoiatria; della capacit\u00e0 di comunicare con chiarezza ed umanit\u00e0 con il paziente e con i familiari, della capacit\u00e0 di collaborare con le diverse figure professionali nelle attivit\u00e0 sanitarie di gruppo, organizzare il lavoro di \u00e9quipe, di cui conosce le problematiche anche in tema di comunicazione e gestione delle risorse umane, applicando i principi dell&#8217;economia sanitaria; della capacit\u00e0 di riconoscere i problemi di salute orale della comunit\u00e0 e di intervenire in modo competente.<\/em><\/p>\n<p><em>I laureati magistrali della classe dovranno, inoltre, avere maturato:<\/em><\/p>\n<p><em>la conoscenza delle basi per la comprensione qualitativa e quantitativa dei fenomeni biologici e fisiologici, la conoscenza dei principi dei processi biologici molecolari, la conoscenza delle scienze di base, biologiche, e comportamentali su cui si basano le moderne tecniche di mantenimento dello stato di salute orale e le terapie odontoiatriche, le elevate responsabilit\u00e0 etiche e morali dell&#8217;odontoiatra riguardo la cura del paziente sia come individuo che come membro della comunit\u00e0, sviluppando in particolare le problematiche cliniche delle utenze speciali, le conoscenze di informatica applicata e di statistica, in modo utile a farne strumenti di ricerca, a scopo di aggiornamento individuale, la conoscenza dei principi e delle indicazioni della diagnostica per immagini e dell&#8217;uso clinico delle radiazioni ionizzanti e dei principi di radioprotezione.<\/em><\/p>\n<p><em>I laureati magistrali della classe, al termine degli studi, saranno in grado di:<\/em><\/p>\n<p><em>praticare la gamma completa dell&#8217;odontoiatria generale nel contesto del trattamento globale del paziente senza produrre rischi aggiuntivi per il paziente e per l&#8217;ambiente;<\/em><\/p>\n<p><em>individuare le priorit\u00e0 di trattamento coerentemente ai bisogni, partecipando con altri soggetti alla pianificazione di interventi volti alla riduzione delle malattie orali nella comunit\u00e0 derivanti dalla conoscenza dei principi e la pratica della odontoiatria di comunit\u00e0; <\/em><\/p>\n<p><em>apprendere i fondamenti della patologia umana, integrando lo studio fisiopatologico e patologico con la metodologia clinica e le procedure diagnostiche che consentono la valutazione dei principali quadri morbosi; apprendere i principali quadri correlazionistici e le procedure terapeutiche, mediche e chirurgiche complementari alla professione odontoiatrica, nonch\u00e9 essere introdotto alla conoscenza delle nozioni di base della cura e dell&#8217;assistenza secondo i principi pedagogici, della psicologia, della sociologia e dell&#8217;etica;<\/em><\/p>\n<p><em>conoscere i farmaci direttamente e indirettamente correlati con la pratica dell&#8217;odontoiatria e comprendere le implicazioni della terapia farmacologica di patologie sistemiche riguardanti le terapie odontoiatriche;<\/em><\/p>\n<p><em>conoscere la scienza dei biomateriali per quanto attiene la pratica dell&#8217;odontoiatria;<\/em><\/p>\n<p><em>controllare l&#8217;infezione crociata per prevenire le contaminazioni fisiche, chimiche e microbiologiche nell&#8217;esercizio della professione;<\/em><\/p>\n<p><em>applicare la gamma completa di tecniche di controllo dell&#8217;ansia e del dolore connessi ai trattamenti odontoiatrici (nei limiti consentiti all&#8217;odontoiatra);<\/em><\/p>\n<p><em>analizzare la letteratura scientifica e applicare i risultati della ricerca alla terapia in modo affidabile;<\/em><\/p>\n<p><em><br \/>\nconoscere gli aspetti demografici, la prevenzione ed il trattamento delle malattie orali e dentali;<\/em><\/p>\n<p><em>sviluppare un approccio al caso clinico di tipo interdisciplinare, anche e soprattutto in collaborazione con altre figure dell&#8217;\u00e9quipe sanitaria, approfondendo la conoscenza delle regole e delle dinamiche che caratterizzano il lavoro del gruppo degli operatori sanitari;<\/em><\/p>\n<p><em>approfondire le tematiche relative alla organizzazione generale del lavoro, alle sue dinamiche, alla bioetica, alla relazione col paziente ed alla sua educazione, nonch\u00e9 le tematiche della odontoiatria di comunit\u00e0, anche attraverso corsi monografici e seminari interdisciplinari;<\/em><\/p>\n<p><em>comunicare efficacemente col paziente e educare il paziente a tecniche di igiene orale appropriate ed efficaci;<\/em><\/p>\n<p><em>fornire al paziente adeguate informazioni, basate su conoscenze accettate dalla comunit\u00e0 scientifica, per ottenere il consenso informato alla terapia;<\/em><\/p>\n<p><em>interpretare correttamente la legislazione concernente l&#8217;esercizio dell&#8217;odontoiatria del paese dell&#8217;Unione Europea in cui l&#8217;odontoiatra esercita e prestare assistenza nel rispetto delle norme medico-legali ed etiche vigenti nel paese in cui esercita;<\/em><\/p>\n<p><em>riconoscere i propri limiti nell&#8217;assistere il paziente e riconoscere l&#8217;esigenza di indirizzare il paziente ad altre competenze per terapia mediche;<\/em><\/p>\n<p><em>organizzare e guidare l&#8217;\u00e9quipe odontoiatrica utilizzando la gamma completa di personale ausiliario odontoiatrico disponibile;<\/em><\/p>\n<p><em>approfondire le proprie conoscenze in ordine allo sviluppo della societ\u00e0 multietnica, con specifico riferimento alla variet\u00e0 e diversificazione degli aspetti valoriali e culturali, anche nella prospettiva umanistica.;<\/em><\/p>\n<p><em>possedere la padronanza scritta e orale di almeno una lingua dell&#8217;Unione Europea, oltre all&#8217;italiano.<\/em><\/p>\n<p><em>I laureati magistrali della classe svolgeranno l&#8217;attivit\u00e0 di odontoiatri nei vari ruoli ed ambiti professionali clinici e sanitari.<\/em><\/p>\n<p><em>Al fine del conseguimento degli obiettivi didattici sopraindicati i laureati della classe devono acquisire conoscenze fisiopatologiche e cliniche di medicina generale. Inoltre, il profilo professionale include anche l&#8217;aver effettuato, durante il corso di Studi, le seguenti attivit\u00e0 pratiche di tipo clinico, che devono essere state compiute con autonomia tecnico professionale, da primo operatore, sotto la guida di odontoiatri delle strutture universitarie e specificate dall&#8217;Advisory Committee On Formation Of Dental Practitioners della Unione Europea:<\/em><\/p>\n<ol>\n<li><em>Esame del paziente e diagnosi: rilevare un corretta anamnesi (compresa l&#8217;anamnesi medica), condurre l&#8217;esame obiettivo del cavo orale, riconoscere condizioni diverse dalla normalit\u00e0, diagnosticare patologie dentali e orali, formulare un piano di trattamento globale ed eseguire la terapie appropriate o indirizzare il paziente ad altra competenza quando necessario. L&#8217;ambito diagnostico e terapeutico include le articolazioni temporo-mandibolari; riconoscere e gestire correttamente manifestazioni orali di patologie sistemiche o indirizzare il paziente ad altra competenza; valutare la salute generale del paziente e le relazioni fra patologia sistemica e cavo orale e modulare il piano di trattamento odontoiatrico in relazione alla patologia sistemica; svolgere attivit\u00e0 di screening delle patologie orali compreso il cancro; diagnosticare e registrare le patologie orali e le anomalie di sviluppo secondo la classificazione accettata dalla comunit\u00e0 internazionale; diagnosticare e gestire il dolore dentale, oro-facciale e cranio-mandibolare o indirizzare il paziente ad altra appropriata competenza; diagnosticare e gestire le comuni patologie orali e dentali compreso il cancro, le patologie mucose e ossee o indirizzare il paziente ad altra appropriata competenza; eseguire esami radiografici dentali con le tecniche di routine: (periapicali, bite-wing, extraorali proteggendo il paziente e l&#8217;\u00e9quipe odontoiatrica dalle radiazioni ionizzanti); riconoscere segni radiologici di deviazione dalla norma.<\/em><\/li>\n<li><em>Terapia: rimuovere depositi duri e molli che si accumulano sulle superfici dei denti e levigare le superfici radicolari; incidere, scollare e riposizionare un lembo mucoso, nell&#8217;ambito di interventi di chirurgia orale minore; praticare trattamenti endodontici completi su monoradicolati e poliradicolati; condurre interventi di chirurgia periapicale in patologie dell&#8217;apice e del periapice; praticare l&#8217;exodontia di routine; praticare l&#8217;avulsione chirurgica di radici e denti inclusi, rizectomie; praticare biopsie incisionali ed escissionali; sostituire denti mancanti, quando indicato e appropriato, con protesi fisse, rimovibili (che sostituiscano sia denti che altri tessuti persi) e protesi complete. Conoscere le indicazioni alla terapia implantare, effettuarla o indirizzare il paziente ad altra opportuna competenza; restaurare tutte le funzioni dei denti utilizzando tutti i materiali disponibili e accettati dalla comunit\u00e0 scientifica ; realizzare correzioni ortodontiche di problemi occlusali minori riconoscendo l&#8217;opportunit\u00e0 di indirizzare il paziente ad altre competenze in presenza di patologie pi\u00f9 complesse.<\/em><\/li>\n<li><em><em>Emergenze mediche: effettuare manovre di pronto soccorso e rianimazione cardio-polmonare.<\/em><\/em><\/li>\n<\/ol>\n<p><em>I laureati magistrali della classe <strong>LM-46 Odontoiatria e protesi dentaria<\/strong>\u00a0dovranno essere in grado di utilizzare fluentemente, in forma scritta e orale, almeno una lingua dell&#8217;Unione Europea oltre l&#8217;italiano, con riferimento anche ai lessici disciplinari.<\/em><\/p>\n<p><em>\u00a0<\/em><\/p>\n<p><em><br \/>\n<strong><u>Obiettivi formativi specifici del corso e descrizione del percorso formativo<\/u><\/strong> <\/em><\/p>\n<p><em>Gli obiettivi generali e la struttura del piano degli studi di seguito descritto, si rifanno ai contenuti del nuovo schema di Decreto Ministeriale Nuove Classi di Laurea \u2013 Disciplina corsi di Studi Magistrali, che definisce i Corsi di Studi magistrali nell\u2019osservanza delle direttive dell\u2019Unione Europea e al Regolamento Didattico di Ateneo dell\u2019Universit\u00e0 di Napoli Federico II. Il piano didattico, prevede 360 Crediti Formativi Universitari (CFU) nei 6 anni e 60 CFU per anno. La distribuzione dei 360 crediti formativi, \u00e8 determinata nel rispetto delle condizioni riportate negli allegati del decreto, che stabilisce i crediti da attribuire agli ambiti disciplinari includenti attivit\u00e0 formative \u201cindispensabili\u201d alla formazione dell\u2019odontoiatra.<br \/>\nAl credito formativo universitario (CFU), che corrisponde a 25 ore di impegno medio per studente, si propone l\u2019attribuzione di un valore di 12 ore per CFU sia per la lezione frontale o teorico\/pratica sia per l\u2019 esercitazione\/tirocinio, in armonia con le Linee guida dell\u2019Ateneo di Napoli Federico II . La restante quota del credito formativo \u00e8 a disposizione dello studente per lo studio personale. I titolari degli insegnamenti professionalizzanti sono responsabili del tirocinio relativo al proprio insegnamento. Per ogni singolo tirocinio dovr\u00e0 essere effettuata una valutazione in itinere di cui il docente terr\u00e0 conto ai fini del voto finale d\u2019esame. Le conoscenze fisiopatologiche e cliniche di medicina generale ed odontostomatologiche acquisite con le attivit\u00e0 formative comprese nel piano didattico e le attivit\u00e0 pratiche di tipo clinico, determinano e definiscono il profilo professionale dell\u2019odontoiatra che opera nei Paesi dell\u2019Unione Europea. <\/em><\/p>\n<p><strong><em><u>Risultati di apprendimento attesi, espressi tramite i Descrittori europei del titolo di studio<\/u><\/em><\/strong><em> (DM 16\/03\/2007, art.3,comma7)<\/em><\/p>\n<p><strong>Conoscenza e capacit\u00e0 di comprensione (knowledge and understanding)<\/strong><\/p>\n<p><em>Il Laureato Magistrale in Odontoiatria e Protesi Dentaria deve acquisire una solida preparazione nelle discipline di base, nelle discipline mediche di interesse odontoiatrico e nelle discipline odontoiatriche, e deve essere in grado di valutare criticamente le problematiche relative allo stato di malattia dell\u2019apparato stomatognatico in una visione unitaria che tenga conto dello stato di salute generale del singolo paziente.<\/em><\/p>\n<p><strong><em>Capacit\u00e0 di applicare conoscenza e comprensione (applying knowledge and understanding)<\/em><\/strong><\/p>\n<p><em>Il Laureato Magistrale in Odontoiatria e Protesi Dentaria dovr\u00e0 avere maturato la conoscenza delle basi per la comprensione qualitativa e quantitativa dei fenomeni biologici, fisiologici e patologici ai fini del mantenimento dello stato di salute orale e le terapie odontoiatriche, anche attraverso il tirocinio pratico previsto nell\u2019ambito delle discipline professionalizzanti.<\/em><\/p>\n<p><strong><em>Autonomia di giudizio (making judgements)<\/em><\/strong><\/p>\n<p><em>Il laureato Magistrale in Odontoiatria e Protesi Dentaria deve posseder un livello di autonomia professionale, culturale, decisionale e operativa tale da consentirgli un costante aggiornamento, avendo seguito un percorso formativo caratterizzato da un approccio olistico ai problemi di salute orale della persona sana o malata, anche in relazione all&#8217;ambiente fisico e sociale che lo circonda. Deve essere in grado anche di effettuare valutazioni statistiche sulla base degli strumenti che gli sono stati messi a disposizione durante il corso di studi.<\/em><\/p>\n<p><strong><em>Abilit\u00e0 comunicative (communication skills)<\/em><\/strong><\/p>\n<p><em>Il laureato Magistrale in Odontoiatria e Protesi Dentaria deve saper gestire i rapporti con i colleghi medici e odontoiatri, con i collaboratori e con i pazienti.<\/em><\/p>\n<p><strong><em>Capacit\u00e0 di apprendimento (learning skills)<\/em><\/strong><\/p>\n<p><em>Il laureato Magistrale in Odontoiatria e Protesi Dentaria deve aver sviluppato capacit\u00e0 di apprendimento necessarie per intraprendere ulteriori studi con un alto grado di autonomia.<\/em><\/p>\n<p><em><br \/>\n<strong><u>Conoscenze richieste per l&#8217;accesso<\/u><\/strong><u> (DM 270\/04, art 6, comma 1 e 2)<\/u> <\/em><\/p>\n<p><em>Possono essere ammessi al Corso di Studi Magistrale in Odontoiatria e Protesi Dentaria(CLMOPD) candidati che siano in possesso di Diploma di Scuola media superiore.<\/em><\/p>\n<p><em>L&#8217;organizzazione didattica del CSMOPD prevede che gli Studenti ammessi al 1\u00b0 anno di corso possiedano una adeguata conoscenza della lingua italiana e una preparazione iniziale, conseguita negli studi precedentemente svolti,per quanto riguarda la matematica, la fisica, la chimica e la biologia.<\/em><\/p>\n<p><strong><em><u>Sbocchi occupazionali e professionali previsti per i laureati<\/u><\/em><\/strong><em><u> (Decreti sulle Classi, Art. 3, comma 7)<\/u><\/em><\/p>\n<p><em>I laureati in Odontoiatria e Protesi Dentaria hanno sbocchi occupazionali nell&#8217;ambito della professione di Odontoiatra libero professionista in ambulatori. Possono svolgere attivit\u00e0 dirigenziali di I\u00b0 e II\u00b0 livello presso il Sistema Sanitario Nazionale.<\/em><\/p>\n<\/div>\n","protected":false},"excerpt":{"rendered":"","protected":false},"author":3,"featured_media":0,"parent":19,"menu_order":0,"comment_status":"open","ping_status":"open","template":"page-fullwidth.php","meta":{"footnotes":""},"class_list":["post-21","page","type-page","status-publish","hentry"],"_links":{"self":[{"href":"https:\/\/m40.corsidistudio.unina.it\/index.php?rest_route=\/wp\/v2\/pages\/21","targetHints":{"allow":["GET"]}}],"collection":[{"href":"https:\/\/m40.corsidistudio.unina.it\/index.php?rest_route=\/wp\/v2\/pages"}],"about":[{"href":"https:\/\/m40.corsidistudio.unina.it\/index.php?rest_route=\/wp\/v2\/types\/page"}],"author":[{"embeddable":true,"href":"https:\/\/m40.corsidistudio.unina.it\/index.php?rest_route=\/wp\/v2\/users\/3"}],"replies":[{"embeddable":true,"href":"https:\/\/m40.corsidistudio.unina.it\/index.php?rest_route=%2Fwp%2Fv2%2Fcomments&post=21"}],"version-history":[{"count":18,"href":"https:\/\/m40.corsidistudio.unina.it\/index.php?rest_route=\/wp\/v2\/pages\/21\/revisions"}],"predecessor-version":[{"id":2165,"href":"https:\/\/m40.corsidistudio.unina.it\/index.php?rest_route=\/wp\/v2\/pages\/21\/revisions\/2165"}],"up":[{"embeddable":true,"href":"https:\/\/m40.corsidistudio.unina.it\/index.php?rest_route=\/wp\/v2\/pages\/19"}],"wp:attachment":[{"href":"https:\/\/m40.corsidistudio.unina.it\/index.php?rest_route=%2Fwp%2Fv2%2Fmedia&parent=21"}],"curies":[{"name":"wp","href":"https:\/\/api.w.org\/{rel}","templated":true}]}}